= -w. What are the prime factors of c?
3, 11, 13
Let i(p) = -2*p**2 + 33*p + 10. Let t be i(10). Let w = -72 + t. Suppose 5*s + w = 863. List the prime factors of s.
3, 53
Suppose -1427702 + 57998 = -168*l. List the prime factors of l.
31, 263
Let o be ((-3)/((-27)/33))/(1/3). Suppose -o*n = -4*n + 504. Let k = n - -152. What are the prime factors of k?
2, 5
Let r(t) = 179*t**2 - 31*t - 18. Let y(f) = 119*f**2 - 20*f - 12. Let k(m) = -5*r(m) + 8*y(m). List the prime factors of k(-2).
2, 29
Suppose 12*x - 35 = 1. Suppose u - x*u + 12 = 0. Let a(d) = -d**2 + 16*d - 15. What are the prime factors of a(u)?
3, 5
Let r(i) = -14*i**3 - i**2 + 2*i - 7. Let n be r(3). Let b = 730 + n. List the prime factors of b.
2, 3, 19
List the prime factors of (818/(-3))/(-2 - (-8)/6).
409
Suppose 30*l - 5 = -h + 31*l, 5 = -2*h - l. Suppose 5*v = -0*b - b + 8771, 2*b - 2 = h. List the prime factors of v.
2, 877
Let q(b) = -b**2 - 10*b + 17. Let m be q(-9). Let d = 56 - m. Let r(x) = -x**2 + 30*x + 19. What are the prime factors of r(d)?
19
Let k = -85 + 90. Suppose 4*q + 276 = k*u - 43, 3*q + u = -244. Let j = 100 + q. List the prime factors of j.
19
Let q(p) be the second derivative of 55/2*p**2 - p**3 + 0 + 17*p. What are the prime factors of q(-9)?
109
Suppose 3*q - 191326 = -153*z + 151*z, 4*q - 3*z = 255107. List the prime factors of q.
2, 1993
Let s(j) = -39*j + 10 - 4 + 9 + 4. What are the prime factors of s(-2)?
97
Let l(r) = 4 - 5 - 15*r + 7*r - 3*r. Let v = -8 - -7. List the prime factors of l(v).
2, 5
What are the prime factors of (-414)/69 + -2*3/6 + 74354?
7, 13, 19, 43
Let j = -1193 - -1338. What are the prime factors of j?
5, 29
Let m = -25 + 36. What are the prime factors of (-352)/(-2 + 0) + 33/m?
179
Let q = -584 + 589. Let f = 588 - 372. Suppose -f = q*v - 951. What are the prime factors of v?
3, 7
Let n(a) = -3 - a**2 + 9*a**3 - 3*a**2 - 71*a + 76*a. Let g be n(2). List the prime factors of (546/g)/(2/21).
7, 13
Let b be (30/4)/((-6)/(-16)). Suppose h = j + 245, -7*h - b = -3*h. Let k = -165 - j. List the prime factors of k.
5, 17
Let x be (-21)/((-315)/30) - (-12)/2. Suppose x*n - 5697 = -19*n. List the prime factors of n.
211
Let l(w) = 8545*w + 410. List the prime factors of l(1).
3, 5, 199
Suppose -4*t - 2*c = -14326, 2*t = 3*c + 5773 + 1418. List the prime factors of t.
3, 5, 239
Let k = 420 - -12696. What are the prime factors of k?
2, 3, 1093
Let l(o) = -o**3 + 19*o**2 + 43*o - 7. Let i be l(21). Suppose i*x + 189 = 15*x. What are the prime factors of x?
3, 7
Let t(s) = 69*s**2 + 25*s + 457. List the prime factors of t(-23).
36383
Let p = 11565 - 2531. List the prime factors of p.
2, 4517
Suppose -3*f = 4*s - 4*f - 33, 0 = -2*s + f + 19. Suppose -74 = 6*g - s*g. What are the prime factors of g?
2, 37
Let p be 1/(5 + 1294/(-259)). Let k = p + 67. What are the prime factors of k?
2, 163
Suppose -4*j + 48265 = p, -2*j = -65*p + 62*p - 24129. What are the prime factors of j?
2, 3, 2011
Let j(y) be the first derivative of -5*y**3/3 + 13*y**2/2 - 3*y + 13. Let t(q) be the first derivative of j(q). What are the prime factors of t(-7)?
83
Let a(b) = -2*b**3 + 9*b**2 + 9*b + 5. Let w(m) = -m - 16. Let q be w(-21). Let s be a(q). Suppose s = -l - 4*l, -5*z - 2*l = -15. List the prime factors of z.
5
Let u be (-21)/(-56) + 1192/64. Suppose -u*f = -9*f - 11090. What are the prime factors of f?
1109
Let a(s) = 13*s**2 + 86*s - 17. What are the prime factors of a(23)?
2, 3, 491
Suppose 4*i = -3*n + 433, n - 5*i = 5*n - 579. Suppose 3*q + 490 = 4*a, q - n = -4*a + 331. Let h = -83 + a. List the prime factors of h.
2, 19
Suppose 204*h + 30*h + 66*h = 9984900. List the prime factors of h.
83, 401
Let j(n) = -n**3 + 8*n**2 - 12*n + 5. Let i be j(6). Let h(k) = 33*k**2 - 13*k + 9. What are the prime factors of h(i)?
769
Let o be (-4)/(-14) - (-80)/14 - -5. Suppose 3*t - 7*r - 1479 = -o*r, t + 3*r = 498. What are the prime factors of t?
3, 163
Let z(t) = 10*t**2 + 8*t + 27. Let f be z(-5). Let b = 871 + f. List the prime factors of b.
2, 277
Suppose -16155 = -3*c + 7230. What are the prime factors of c?
5, 1559
Suppose -3*d = f - 6*f - 15, -5 = d. Let u be (-42)/(-18) + f/(-9). Suppose -13*c = u*c - 720. List the prime factors of c.
3, 5
Let r = 1005 - 981. Suppose -22506 = -r*o + 2*o. What are the prime factors of o?
3, 11, 31
What are the prime factors of ((-27189)/81)/(2/(-54))?
3, 19, 53
Suppose m + 3 = 2*m. Suppose 0 = 2*j + h - 116, m*j - h = -3*h + 174. Suppose 16*o = 17*o - j. What are the prime factors of o?
2, 29
Let l(i) = -5*i - 11. Let v be l(-5). Let z(u) = u**3 - 14*u**2 - u + 14. Let f be z(v). Suppose 390 = 5*b - 5*s, f*s = -3*s. What are the prime factors of b?
2, 3, 13
Let a be (-4)/(-18) - 188/36 - -10722. List the prime factors of a/14 + (-2)/4.
3, 5, 17
Let f(t) = 26*t**2 + 40*t - 1155. What are the prime factors of f(18)?
3, 2663
Let z(r) = -5*r - r**3 - 8*r - 6 + 7*r**2 + 2*r**2 - 23*r**2. Suppose 3*k - 2*k = -14. List the prime factors of z(k).
2, 11
Suppose -3*j + 6 = 0, 7 = -q + 5*j - 13. What are the prime factors of (-830)/q - 0/6?
83
Suppose 19183 = 4*i + x, -4801 = -i - 26*x + 31*x. List the prime factors of i.
2, 11, 109
Let c be -5 + 4 - 24/(-4). Suppose -c*p - s = s - 1962, 4*p - 4*s - 1564 = 0. What are the prime factors of p?
2, 7
Suppose -50*j - 35 = 15. What are the prime factors of (j - -1146) + 28/(-14)?
3, 127
Suppose 1814979 = 59*p + 354552. List the prime factors of p.
3, 37, 223
Suppose -3*z = 4*d + 1271 + 508, 0 = d - z + 450. Let j = d + 767. Suppose 4*t = -2*y + j, -4*y + 166 = -2*t + 4*t. What are the prime factors of t?
79
Suppose -77884 = -5*b - v, 154*v - 155*v = 2*b - 31156. List the prime factors of b.
2, 3, 11, 59
Let c(s) = -7 - 24*s + 35*s - 97*s + 19*s. Let q be c(-7). Let b = q - 285. What are the prime factors of b?
3, 59
Let s be 5/(-20) + 1865/12*3. Let p = -445 + s. What are the prime factors of p?
3, 7
List the prime factors of (24/32)/((-15)/(-39020)).
1951
Suppose 1 = 2*l - 3. Suppose 4*k + 2 = 2*k + r, l*k + 2*r = 4. Suppose 2*c - 101 - 1 = k. List the prime factors of c.
3, 17
What are the prime factors of 5 + -6*(-2007)/1?
7, 1721
Let z = 48 + -38. Suppose -z*v = -3*v - 406. Suppose 0 = -2*m + v + 38. What are the prime factors of m?
2, 3
Suppose 2*r - 104 = -2*r - c, -12 = 3*c. Let a = r - 22. Suppose 14*q - 153 = a*q. What are the prime factors of q?
17
Let m = 2504 - -9243. What are the prime factors of m?
17, 691
Suppose -2*a - 78*w + 76*w + 26478 = 0, -a + w + 13235 = 0. What are the prime factors of a?
7, 31, 61
Suppose y = 3*a - 13, 9*y + 5*a - 23 = 10*y. Suppose 0 = t + 4*t - 2*b - 6727, -y*t - 2*b + 2688 = 0. List the prime factors of t.
5, 269
What are the prime factors of (3 - 4/(-1)) + 7662 + (-50)/5?
3, 23, 37
Suppose 33*c + 960461 = 65*c + 41*c. List the prime factors of c.
59, 223
Suppose 3*n + 22 = 5*o, -2*o - 4*n + 14 = -0. Let y(t) = -2 + 0*t**2 + 13*t + 2*t**2 + 3 + 3. List the prime factors of y(o).
7, 17
Suppose -1581916 = -107*q + 9*q. What are the prime factors of q?
2, 7, 1153
Let m = 61543 - 28898. What are the prime factors of m?
5, 6529
List the prime factors of (-1)/(24/(-288)) - -43566.
2, 3, 269
Suppose 0 = -3*w - 5*n + 224065, -187483 = -3*w + 8*n + 36517. List the prime factors of w.
2, 5, 1867
Let p be (-2)/(-12) - 696/(-144). Suppose -p*r = 2*h - 478, h - 2*h - 5*r + 244 = 0. List the prime factors of h.
2, 3, 13
Suppose 2*l = l + 21. Let d = l + -16. Suppose -d*k + 2*y - 124 = -821, -2*y + 137 = k. What are the prime factors of k?
139
Suppose -342 = 6*h - 384. List the prime factors of (-542)/7*(-8 + h/7).
2, 271
Let z(y) be the first derivative of y**3 + y**2/2 + 26. Let i be z(-1). Suppose -2*m - 3 = -m, -m = i*d - 183. What are the prime factors of d?
3, 31
Let i = -244 - -236. Let t = 175 + i. List the prime factors of t.
167
Let j(s) = -74*s**2 + 10*s + 18. Let o be j(-3). Let l = -532 - o. List the prime factors of l.
2, 73
Suppose 120 = -4*n - n. Let i be n - 7/((-21)/12). Let q = i + 91. List the prime factors of q.
71
Let z(s) be the first derivative of -11*s**5/20 + s**4/6 + s**3/2 - 12*s - 19. Let n(o) be the first derivative of z(o). What are the prime factors of n(-2)?
2, 3, 5
Suppose 0 = 7*t + 3*t - 80. Suppose -t*d = -4*d - 908. List the